test common divisor of p and d?
1
Suppose -10*z = -4*z + 1620. Let t = z - -128. Let l = -115 - t. What is the greatest common factor of 36 and l?
9
Suppose 5*p = 3*d + 4013, 3236 = 4*p + 7*d - 3*d. Let o = p - 670. What is the greatest common divisor of 180 and o?
45
Let g be (1107/36)/((-6)/(-16)). Let b be ((-40)/(-16) - 1)*(-8)/(-6). Calculate the highest common factor of g and b.
2
Suppose -7*q + 6*q = 0. Let v be 2*(q + 16 + -4). Calculate the greatest common divisor of v and 32.
8
Let z be 0 + -8*3/(-4)*2. What is the greatest common divisor of 16 and z?
4
Let k be 89 + (14 + -5 - 20). What is the highest common factor of 5876 and k?
26
Let a(x) = -4*x - 3. Let v be 14/(-8) - 4/16. Let t be a(v). Let m = 18201 + -18166. What is the highest common factor of m and t?
5
Let p = -315 + 315. Suppose 2*r = -p*j + 3*j + 165, 0 = -5*j + 5. What is the greatest common divisor of 12 and r?
12
Let j be 9 + (-15)/12*4. Suppose 0 + 15 = r. Let f(y) = -y**3 + 15*y**2 + 1. Let m be f(r). What is the highest common divisor of m and j?
1
Let x(w) = -212*w + 1083. Let c be x(5). Calculate the greatest common factor of c and 3841.
23
Let m be (-40)/4 - -4 - 2. Suppose -3*d - 5*u + 317 = -83, 5*u = 10. Let p be (-1)/4 - d/m. Calculate the greatest common factor of 208 and p.
16
Let h be 9070 + 2 + 2/(-1). What is the highest common factor of 10 and h?
10
Suppose -54*z - 39*z = -10881. Calculate the highest common factor of 403 and z.
13
Suppose 3*q - 84 = -q. Let i(u) = 6*u**3 + 132*u**2 - 6*u - 129. Let h be i(-22). What is the greatest common divisor of q and h?
3
Suppose 9042*c - 1260 = 9024*c. Suppose 1275 = 4*d + 5*h, 817 - 172 = 2*d + 5*h. What is the greatest common factor of d and c?
35
Suppose 8*h - 4263 = 2169. What is the highest common factor of h and 108?
12
Suppose 19*f - 15*f - 4*h = 28, -h + 23 = 5*f. Let n be (1 - 0)*(-6 - -14). Let l be (5/(-2))/((-4)/n). Calculate the greatest common divisor of f and l.
5
Suppose 2*v - 114 = 8*v. Let q be 7/(1*-4 + 370/90). Let z = q + v. Calculate the highest common divisor of 11 and z.
11
Let p = -66 + 146. What is the highest common divisor of p and 130?
10
Suppose 5*y + 496 = 4*t, 0 = -t + 5*y - 7*y + 111. Suppose t + 25 = 8*u. Calculate the greatest common factor of u and 117.
9
Let r = -3204 - -4007. Let k = 203 - 130. Calculate the greatest common divisor of k and r.
73
Let n = -136 + 123. Suppose 6*h - 9*h = 12. Let p = h - n. What is the highest common divisor of p and 36?
9
Let f = 561 - 542. Let k(q) = -q**2 + 32*q - 52. Let t be k(f). Calculate the greatest common divisor of t and 39.
39
Let t be (0 - (-20)/(-110)) + 398/11. Let a be (30/4)/(-5)*-6. What is the highest common divisor of t and a?
9
Let h(m) = 20*m**2 - 307*m + 23. Let f be h(16). Calculate the greatest common factor of f and 154.
77
Let b(s) = 47*s**2 + 7*s - 8. Let y be b(1). Let j be (0 - 3) + 237 + -4 + 0. Calculate the greatest common factor of y and j.
46
Let o be (-57)/(-38) + 3123/18. What is the highest common factor of 3700 and o?
25
Let i = -100 - -53. Let w = i + 53. Suppose 3 = r + 4*n, -w*r = -5*r + n - 6. What is the greatest common divisor of 63 and r?
7
Let a = 147 + -144. Suppose 129 = a*u - 3*x, -u + 36 = 2*x - 22. What is the greatest common divisor of 6 and u?
6
Let a = 21949 + -21765. What is the greatest common divisor of a and 11132?
92
Suppose 47607 = 12*t - 5*t. Suppose t = 28*h - 1263. What is the highest common divisor of 24 and h?
24
Suppose 16*x - 19 = 813. Let h(j) = -7*j - 156. Let m(w) = 8*w + 156. Let p(z) = -5*h(z) - 4*m(z). Let o be p(0). What is the highest common divisor of x and o?
52
Let m = -2693 - -2725. Calculate the highest common divisor of 2336 and m.
32
Let j(b) = -418*b**3 - 3*b - 3. Let r be ((-4)/16)/((-1)/12*-3). Let i be j(r). What is the greatest common divisor of 22 and i?
22
Let v(h) = -3137*h - 64. Let i be v(-6). Suppose -43*p + i = 53. Calculate the highest common divisor of 348 and p.
87
Let a = 451 - 447. Let b be a/10 - (-178)/5. What is the highest common factor of 324 and b?
36
Suppose 884 = -14*y + 22458. What is the greatest common divisor of 67 and y?
67
Let v be (-99)/(-15) - 6/(-15). Suppose -2*b = -17*b + 120. Suppose b*o - v*o - 78 = 0. What is the greatest common divisor of 52 and o?
26
Let u = -4121 + 4285. What is the highest common divisor of 779 and u?
41
Let s(h) = -h + 4*h - 5*h + 23 + 3*h. Let x be s(0). Suppose 0 = t + q - 119, -5*t - 2*q + 4*q = -567. What is the highest common factor of t and x?
23
Suppose -177*u - 1098 = -238*u. Suppose 4 = i + 6. Let a be 0 + i - (-166 + 2). What is the highest common factor of a and u?
18
Let z = 27 - 98. Let t = -57 - z. Let w be (3/(-3) - -1) + 35. Calculate the greatest common divisor of w and t.
7
Let x be 50/(11 + -1) + (-1 - -928). Suppose -4*z = 2*s - 492 - 748, -3*z + x = 2*s. Calculate the greatest common factor of 4 and z.
4
Let i(t) = -188*t + 1254. Let d be i(6). Calculate the greatest common factor of 70 and d.
14
Suppose 58*z + 1397 = 114*z + 71*z. Suppose -2*v - 708 = -3*n - 85, 2*n = -3*v + 424. What is the highest common factor of n and z?
11
Let t be 2/2*(0 - -2 - 2). Suppose t = -13*k + 79 + 51. Suppose -5*v + 24 + 101 = 0. What is the greatest common factor of k and v?
5
Let c be 3/6*12/(-2). Let q be (-1 + 3 - c) + 443. Calculate the highest common factor of q and 56.
56
Suppose -3410 - 5710 = 30*h. Let v = h + 313. Calculate the greatest common divisor of v and 6.
3
Let z be 3/(8 + ((-5352)/(-224))/(-3)). Calculate the greatest common factor of 3990 and z.
42
Let q(l) = l**3 + 110*l**2 + 212*l - 292. Let n be q(-108). What is the greatest common divisor of n and 2345?
35
Let c = 11 - 9. Let i be 36*(1 + -2 + c). Suppose 4*t + 2*k = 34, -19 = 3*t - 2*t - 5*k. Calculate the greatest common factor of t and i.
6
Let m be -4*3/(-4) + -8. Let j be 3 - m/(-3)*-3. Suppose 3*o = 4*h - 269, -j*o - 189 = -3*h - 10*o. Calculate the highest common factor of 13 and h.
13
Let k be (10*2/6)/((-1)/(-78)). Let y be k/12 - 15/9. Calculate the highest common factor of 220 and y.
20
Let x = -21748 + 21766. Calculate the greatest common divisor of 558 and x.
18
Let y(j) = 2*j**2 + 330*j - 2032. Let g be y(6). Suppose 0*b - 894 = -5*s + 2*b, 4*s - 5*b = 705. What is the greatest common factor of g and s?
20
Let c = 9066 + -8135. Calculate the highest common divisor of 196 and c.
49
Let x(g) = 1297*g - 4305. Let a be x(7). Calculate the highest common factor of a and 7.
7
Let r be (-7)/28 - (-7)/((-28)/(-9)). Let b be (-1 + -8)/((18/(-189))/r). What is the greatest common divisor of 84 and b?
21
Let f be 2 - (180/(-24) - 1/2). Suppose 0 = -f*w + 233 + 4387. Calculate the highest common divisor of 198 and w.
66
Suppose -d + 408 = 2*d. Let k(u) = -120*u**2 - 415*u + 5. Let n be k(-3). Calculate the highest common factor of n and d.
34
Let b(o) = 110*o - 4922. Let u be b(45). Calculate the highest common divisor of u and 5908.
28
Suppose -x - 31 - 7 = 0. Let g = 107 + x. Calculate the highest common divisor of 483 and g.
69
Suppose 7566*t - 259 = 7586*t - 1259. What is the highest common divisor of t and 3050?
50
Suppose 0*h + 3 = h, 2*j = -5*h + 511. Let t be (4/8)/((-2)/(-124*1)). Calculate the greatest common divisor of j and t.
31
Let f(k) = k**2 + 8*k - 4. Suppose -115 = 18*t + 29. Let p be f(t). Let s be ((-6)/p)/(12/112). Calculate the greatest common divisor of 56 and s.
14
Suppose 135 = 8*q - 49. Let u = 112 - -49. What is the highest common divisor of u and q?
23
Let m be ((-4)/(-16))/(3/300). Suppose 236 + 214 = m*k. Let x = -409 + 607. What is the greatest common factor of k and x?
18
Let u be (-6552)/351*2985/(-20). What is the highest common divisor of u and 182?
14
Suppose 51*z + 231 = 40*z. Let b be 141/(-3)*z/3. Calculate the highest common factor of 94 and b.
47
Let n(h) = -h**2 + 17*h + 290. Let l be n(-9). Suppose -371*s - l = -379*s. Calculate the greatest common divisor of 301 and s.
7
Let h be ((-40)/(-4))/(3 + -1) + 1263. Let z = h + -716. Calculate the greatest common factor of z and 69.
69
Suppose 1463 = 3*x + 8*x. Suppose 0 = r - m - x, m = 3*r - m - 396. Let d = -77 + r. Calculate the greatest common factor of d and 106.
53
Let m be 1606*6*4/12. What is the greatest common factor of m